{"id":10784,"date":"2022-10-09T10:20:37","date_gmt":"2022-10-09T10:20:37","guid":{"rendered":"https:\/\/kodesolution.com\/2022\/orgonic\/?page_id=10784"},"modified":"2023-12-10T12:34:40","modified_gmt":"2023-12-10T17:34:40","slug":"about","status":"publish","type":"page","link":"https:\/\/ayctechnologies.com\/index.php\/about\/","title":{"rendered":"Nosotros"},"content":{"rendered":"\t\t<div data-elementor-type=\"wp-page\" data-elementor-id=\"10784\" class=\"elementor elementor-10784\">\n\t\t\t\t\t\t<section class=\"elementor-section elementor-top-section elementor-element elementor-element-81e3b71 elementor-section-stretched elementor-section-boxed elementor-section-height-default elementor-section-height-default tm-col-stretched-none tm-bg-color-over-image\" data-id=\"81e3b71\" data-element_type=\"section\" data-settings=\"{&quot;stretch_section&quot;:&quot;section-stretched&quot;}\">\n\t\t\t\t\t\t<div class=\"elementor-container elementor-column-gap-extended\">\n\t\t\t\t\t<div class=\"elementor-column elementor-col-33 elementor-top-column elementor-element elementor-element-ed059ef tm-bg-color-over-image\" data-id=\"ed059ef\" data-element_type=\"column\">\n\t\t\t<div class=\"elementor-widget-wrap elementor-element-populated\">\n\t\t\t\t\t\t<div class=\"elementor-element elementor-element-5e9d4e6 elementor-widget elementor-widget-tm-ele-animated-layers\" data-id=\"5e9d4e6\" data-element_type=\"widget\" data-widget_type=\"tm-ele-animated-layers.default\">\n\t\t\t\t<div class=\"elementor-widget-container\">\n\t\t\t\t\t<div class=\"tm-sc-animated-layer-advanced \">\r\n\t\t\t<div class=\"animated-layer-advanced-inner clearfix\">\r\n\t\r\n<div class=\"layer-image-wrapper layer-image  layer-image-fullwidth elementor-repeater-item-bb64f9e\" style=\"\">\r\n\t<div class=\"layer-inner layer-image  \">\r\n\t\t<div class=\"layer-image-inner-wrapper image-hover-effect-shine\">\r\n\t\t\t<img fetchpriority=\"high\" decoding=\"async\" class=\"\" src=\"https:\/\/ayctechnologies.com\/wp-content\/uploads\/2023\/08\/banner_3.jpg\" width=\"540\" height=\"720\" alt=\"Image\">\r\n\t\t<\/div>\r\n\t<\/div>\r\n<\/div>\r\n\r\n<div class=\"layer-image-wrapper layer-image  layer-image-fullwidth elementor-repeater-item-5f1349d\" style=\"\">\r\n\t<div class=\"layer-inner layer-image  \">\r\n\t\t<div class=\"layer-image-inner-wrapper image-hover-effect-shine\">\r\n\t\t\t<img decoding=\"async\" class=\"\" src=\"https:\/\/ayctechnologies.com\/wp-content\/uploads\/2023\/08\/banner_2_1.jpg\" width=\"600\" height=\"400\" alt=\"Image\">\r\n\t\t<\/div>\r\n\t<\/div>\r\n<\/div>\r\n<div class=\"layer-image-wrapper  layer-blank  elementor-repeater-item-b1e00fa\" style=\"\">\r\n\t<div class=\"layer-inner\">\r\n\t<\/div>\r\n<\/div>\r\n\r\n<div class=\"layer-image-wrapper layer-image  layer-image-fullwidth elementor-repeater-item-c13e0a0\" style=\"\">\r\n\t<div class=\"layer-inner layer-image  tm-animation-floating\">\r\n\t\t<div class=\"layer-image-inner-wrapper image-hover-effect-shine\">\r\n\t\t\t<img decoding=\"async\" class=\"\" src=\"https:\/\/ayctechnologies.com\/wp-content\/uploads\/2023\/07\/dots.png\" width=\"81\" height=\"377\" alt=\"Image\">\r\n\t\t<\/div>\r\n\t<\/div>\r\n<\/div>\r\n\t\t\t<\/div>\r\n\t\t\t<div class=\"clearfix\"><\/div>\r\n\t\t<\/div>\r\n\t\t\t<\/div>\n\t\t\t\t<\/div>\n\t\t\t\t<div class=\"elementor-element elementor-element-6571976 elementor-widget__width-initial elementor-absolute elementor-widget-mobile__width-initial elementor-hidden-mobile elementor-widget elementor-widget-tm-ele-funfact-counter\" data-id=\"6571976\" data-element_type=\"widget\" data-settings=\"{&quot;_position&quot;:&quot;absolute&quot;}\" data-widget_type=\"tm-ele-funfact-counter.default\">\n\t\t\t\t<div class=\"elementor-widget-container\">\n\t\t\t\t<div class=\"tm-sc-funfact funfact-iconleft experience tm-animate-icon-on-hover animate-icon-rotate-y\">\r\n\t\t<div class=\"funfact-inner\">\r\n\t\t\t<div class=\"element-left\">\r\n\t\t\t\t\t\t\t\t<div class=\"funfact-icon\">\r\n<i aria-hidden=\"true\" class=\" flaticon-desix-megaphone\"><\/i><\/div>\t\t\t\t\t\t\t<\/div>\r\n\r\n\t\t\t\r\n\t\t\t<div class=\"details\">\r\n\t\t\t\t\t\t\t\t\t\t\t\t\t\t<h3 class=\"counter \">\r\n\t<span class=\"animate-number\" data-value=\"8\" data-animation-duration=\"1500\">0<\/span><span class=\"counter-postfix\">+<\/span><\/h3>\r\n\t\t\t\t\t\t\t\t\t\t\r\n\t\t\t\t\t\t\t\t\t\t<div class=\"title-wrapper\">\r\n\r\n<h5 class=\"title \">Experiencia<\/h5>\r\n<\/div>\t\t\t\t\t\t\t\t\t\t\t\t\t\r\n\t\t\t\t\t\t\t<\/div>\r\n\t\t<\/div>\r\n\t<\/div>\t\t<\/div>\n\t\t\t\t<\/div>\n\t\t\t\t\t<\/div>\n\t\t<\/div>\n\t\t\t\t<div class=\"elementor-column elementor-col-33 elementor-top-column elementor-element elementor-element-266c701 tm-bg-color-over-image\" data-id=\"266c701\" data-element_type=\"column\">\n\t\t\t<div class=\"elementor-widget-wrap\">\n\t\t\t\t\t\t\t<\/div>\n\t\t<\/div>\n\t\t\t\t<div class=\"elementor-column elementor-col-33 elementor-top-column elementor-element elementor-element-ae2427d tm-bg-color-over-image\" data-id=\"ae2427d\" data-element_type=\"column\">\n\t\t\t<div class=\"elementor-widget-wrap elementor-element-populated\">\n\t\t\t\t\t\t<div class=\"elementor-element elementor-element-6ebb99c square-box-current-theme-yes square-box-align-left horizontal-line-align-left vertical-line-align-bottom elementor-widget elementor-widget-tm-ele-section-title\" data-id=\"6ebb99c\" data-element_type=\"widget\" data-widget_type=\"tm-ele-section-title.default\">\n\t\t\t\t<div class=\"elementor-widget-container\">\n\t\t\t<div class=\"tm-sc-section-title section-title \">\r\n\t<div class=\"title-wrapper\">\r\n\t\t\t\t\t\t<h6 class=\"subtitle \">\r\n\r\n\t\t\r\n\t\tPARNERTS \t<\/h6>\r\n\t\t\t\t<h2 class=\"title \">\r\n\r\n\t\t\r\n\t\t\t\t<span class=\"title-part1 \">Los Mejores equipos para an\u00e1lisis de Campo y Laboratorio.<\/span>\r\n\t\t\t\t\r\n\t\t\t\t\t<span class=\"elementor-repeater-item-2e0a54e\"><\/span>\r\n\t\t\r\n\t<\/h2>\r\n\t<div class=\"title-seperator-line\"><\/div>\t\t\t\t\t\t<\/div>\r\n<\/div>\t\t<\/div>\n\t\t\t\t<\/div>\n\t\t\t\t<div class=\"elementor-element elementor-element-914656a elementor-widget elementor-widget-tm-ele-text-editor\" data-id=\"914656a\" data-element_type=\"widget\" data-widget_type=\"tm-ele-text-editor.default\">\n\t\t\t\t<div class=\"elementor-widget-container\">\n\t\t\t\t\t<div class=\"tm-text-editor\">\r\n\t\t<p>Durante m\u00e1s de 8 a\u00f1os, A&amp;C Technologies Inc. ha servido como distribuidor master y exportador, l\u00edder de instrumentaci\u00f3n anal\u00edtica y cient\u00edfica de \u00faltima tecnolog\u00eda. Destacados fabricantes de equipos en Norte Am\u00e9rica cuentan con nosotros para generar y desarrollar nuevos mercados a los que llevan sus marcas y tecnolog\u00eda alrededor de toda Am\u00e9rica Latina, M\u00e9xico y el Caribe.\u00a0<\/p>\t\t<\/div>\r\n\t\t\t<\/div>\n\t\t\t\t<\/div>\n\t\t\t\t<div class=\"elementor-element elementor-element-22dd55b elementor-widget elementor-widget-tm-ele-iconbox\" data-id=\"22dd55b\" data-element_type=\"widget\" data-widget_type=\"tm-ele-iconbox.default\">\n\t\t\t\t<div class=\"elementor-widget-container\">\n\t\t\t<div class=\"tm-sc-icon-box icon-box icon-left tm-iconbox-icontype-font-icon icon-position-icon-left\" >\r\n\t\r\n  \t<div class=\"icon-box-wrapper\">\r\n\t\t\r\n\t\t<div class=\"icon-wrapper\">\r\n\t\t<a class=\"icon icon-type-font-icon icon-md icon-default-bg icon-default\"\r\n\r\n\t\t\t\t\t\t\t\t>\r\n\t\t\t<i aria-hidden=\"true\" class=\" flaticon-desix-targeted-marketing\"><\/i>\t\t<\/a>\r\n\r\n\t\t\t\t\t<div class=\"icon-bg-img\">\r\n\t\t\t\t  \t\t\t\t\t\t\t<\/div>\r\n\t\t\t<\/div>\r\n\t\t\t<div class=\"icon-text\">\r\n\t\t\t\t\t\t\r\n\t\t\t\t<h5 class=\"icon-box-title \">\r\n\t\t\t\t\t\t\tPor que Nosotros?\t\t\t\t\t<\/h5>\r\n\t\t\t\t\t<div class=\"content\"><p>Nuestros clientes, en todas partes del mundo, valoran la experiencia de compra \u00e1gil, r\u00e1pida y confiable que les ofrece A&amp;C Technologies Inc.<\/p><\/div>\r\n\t\t\t\t\t\t\r\n\t\t\t\r\n\t\r\n\t\t\t\t\t<\/div>\r\n\t\t<div class=\"clearfix\"><\/div>\r\n\t<\/div>\r\n<\/div>\t\t<\/div>\n\t\t\t\t<\/div>\n\t\t\t\t<div class=\"elementor-element elementor-element-ec2a2ab elementor-widget elementor-widget-tm-ele-iconbox\" data-id=\"ec2a2ab\" data-element_type=\"widget\" data-widget_type=\"tm-ele-iconbox.default\">\n\t\t\t\t<div class=\"elementor-widget-container\">\n\t\t\t<div class=\"tm-sc-icon-box icon-box icon-left tm-iconbox-icontype-font-icon icon-position-icon-left\" >\r\n\t\r\n  \t<div class=\"icon-box-wrapper\">\r\n\t\t\r\n\t\t<div class=\"icon-wrapper\">\r\n\t\t<a class=\"icon icon-type-font-icon icon-md icon-default-bg icon-default\"\r\n\r\n\t\t\t\t\t\t\t\t>\r\n\t\t\t<i aria-hidden=\"true\" class=\" flaticon-desix-diplomat\"><\/i>\t\t<\/a>\r\n\r\n\t\t\t\t\t<div class=\"icon-bg-img\">\r\n\t\t\t\t  \t\t\t\t\t\t\t<\/div>\r\n\t\t\t<\/div>\r\n\t\t\t<div class=\"icon-text\">\r\n\t\t\t\t\t\t\r\n\t\t\t\t<h5 class=\"icon-box-title \">\r\n\t\t\t\t\t\t\tQueremos ser:\t\t\t\t\t<\/h5>\r\n\t\t\t\t\t<div class=\"content\"><p>Para el 2025 una de las compa\u00f1\u00edas m\u00e1s reconocidas y confiables en la industria de la tecnolog\u00eda.<\/p><\/div>\r\n\t\t\t\t\t\t\r\n\t\t\t\r\n\t\r\n\t\t\t\t\t<\/div>\r\n\t\t<div class=\"clearfix\"><\/div>\r\n\t<\/div>\r\n<\/div>\t\t<\/div>\n\t\t\t\t<\/div>\n\t\t\t\t<section class=\"elementor-section elementor-inner-section elementor-element elementor-element-45e8991 elementor-section-boxed elementor-section-height-default elementor-section-height-default tm-col-stretched-none tm-bg-color-over-image\" data-id=\"45e8991\" data-element_type=\"section\">\n\t\t\t\t\t\t<div class=\"elementor-container elementor-column-gap-no\">\n\t\t\t\t\t<div class=\"elementor-column elementor-col-50 elementor-inner-column elementor-element elementor-element-268e531 tm-bg-color-over-image\" data-id=\"268e531\" data-element_type=\"column\">\n\t\t\t<div class=\"elementor-widget-wrap elementor-element-populated\">\n\t\t\t\t\t\t<div class=\"elementor-element elementor-element-4e9c685 elementor-widget elementor-widget-tm-ele-iconbox\" data-id=\"4e9c685\" data-element_type=\"widget\" data-widget_type=\"tm-ele-iconbox.default\">\n\t\t\t\t<div class=\"elementor-widget-container\">\n\t\t\t<div class=\"tm-sc-icon-box icon-box icon-left tm-iconbox-icontype-image icon-position-icon-left animate-icon-on-hover animate-icon-rotate-y\" >\r\n\t\r\n  \t<div class=\"icon-box-wrapper\">\r\n\t\t\r\n\t\t<div class=\"icon-wrapper\">\r\n\t\t<a class=\"icon icon-type-image icon-md icon-gray icon-circled\"\r\n\r\n\t\t\t\t\t\t\t\t>\r\n\t\t\t<img decoding=\"async\" src=\"https:\/\/ayctechnologies.com\/wp-content\/uploads\/2023\/06\/logo_simbolo_color.png\" alt=\"image\">\t\t<\/a>\r\n\r\n\t\t\t<\/div>\r\n\t\t\t<div class=\"icon-text\">\r\n\t\t\t\t\t\t\r\n\t\t\t\t<h5 class=\"icon-box-title \">\r\n\t\t\t\t\t\t\tAndres\t\t\t\t\t<\/h5>\r\n\t\t\t\t\t<div class=\"content\">CEO  &amp; CO Founder<\/div>\r\n\t\t\t\t\t\t\r\n\t\t\t\r\n\t\r\n\t\t\t\t\t<\/div>\r\n\t\t<div class=\"clearfix\"><\/div>\r\n\t<\/div>\r\n<\/div>\t\t<\/div>\n\t\t\t\t<\/div>\n\t\t\t\t\t<\/div>\n\t\t<\/div>\n\t\t\t\t<div class=\"elementor-column elementor-col-50 elementor-inner-column elementor-element elementor-element-6cf4720 tm-bg-color-over-image\" data-id=\"6cf4720\" data-element_type=\"column\">\n\t\t\t<div class=\"elementor-widget-wrap elementor-element-populated\">\n\t\t\t\t\t\t<div class=\"elementor-element elementor-element-439d34c elementor-widget__width-initial elementor-widget elementor-widget-tm-ele-button\" data-id=\"439d34c\" data-element_type=\"widget\" data-widget_type=\"tm-ele-button.default\">\n\t\t\t\t<div class=\"elementor-widget-container\">\n\t\t\t<div class=\"tm-sc-button btn-view-details \">\r\n\t<a  href=\"https:\/\/ayctechnologies.com\/index.php\/shop\/\" \r\n\t\t\t\t\t\tclass=\"btn btn-theme-colored1 btn-round\">\r\n\r\n\t\t\r\n\t\t\r\n\t\t<span>\r\n\t\tCat\u00e1logo \t\t<\/span>\r\n\r\n\t\t\t<\/a>\r\n<\/div>\t\t<\/div>\n\t\t\t\t<\/div>\n\t\t\t\t\t<\/div>\n\t\t<\/div>\n\t\t\t\t\t<\/div>\n\t\t<\/section>\n\t\t\t\t\t<\/div>\n\t\t<\/div>\n\t\t\t\t\t<\/div>\n\t\t<\/section>\n\t\t\t\t<section class=\"elementor-section elementor-top-section elementor-element elementor-element-1791844 elementor-section-stretched elementor-section-boxed elementor-section-height-default elementor-section-height-default tm-col-stretched-none tm-bg-color-over-image\" data-id=\"1791844\" data-element_type=\"section\" data-settings=\"{&quot;background_background&quot;:&quot;classic&quot;,&quot;stretch_section&quot;:&quot;section-stretched&quot;}\">\n\t\t\t\t\t\t\t<div class=\"elementor-background-overlay\"><\/div>\n\t\t\t\t\t\t\t<div class=\"elementor-container elementor-column-gap-extended\">\n\t\t\t\t\t<div class=\"elementor-column elementor-col-100 elementor-top-column elementor-element elementor-element-266572a tm-bg-color-over-image\" data-id=\"266572a\" data-element_type=\"column\">\n\t\t\t<div class=\"elementor-widget-wrap elementor-element-populated\">\n\t\t\t\t\t\t<section class=\"elementor-section elementor-inner-section elementor-element elementor-element-cba61df elementor-section-boxed elementor-section-height-default elementor-section-height-default tm-col-stretched-none tm-bg-color-over-image\" data-id=\"cba61df\" data-element_type=\"section\">\n\t\t\t\t\t\t<div class=\"elementor-container elementor-column-gap-extended\">\n\t\t\t\t\t<div class=\"elementor-column elementor-col-33 elementor-inner-column elementor-element elementor-element-56dacb7 tm-bg-color-over-image\" data-id=\"56dacb7\" data-element_type=\"column\">\n\t\t\t<div class=\"elementor-widget-wrap elementor-element-populated\">\n\t\t\t\t\t\t<div class=\"elementor-element elementor-element-98a26a0 square-box-current-theme-yes square-box-align-left horizontal-line-align-left vertical-line-align-bottom elementor-widget elementor-widget-tm-ele-section-title\" data-id=\"98a26a0\" data-element_type=\"widget\" data-widget_type=\"tm-ele-section-title.default\">\n\t\t\t\t<div class=\"elementor-widget-container\">\n\t\t\t<div class=\"tm-sc-section-title section-title center\">\r\n\t<div class=\"title-wrapper\">\r\n\t\t\t\t\t\t<h6 class=\"subtitle \">\r\n\r\n\t\t\r\n\t\tCat\u00e1logo \t<\/h6>\r\n\t\t\t\t<h2 class=\"title \">\r\n\r\n\t\t\r\n\t\t\t\t<span class=\"title-part1 \">Nuestros diferentes Productos y Servicios<\/span>\r\n\t\t\t\t\r\n\t\t\r\n\t<\/h2>\r\n\t<div class=\"title-seperator-line\"><\/div>\t\t\t\t\t\t<\/div>\r\n<\/div>\t\t<\/div>\n\t\t\t\t<\/div>\n\t\t\t\t\t<\/div>\n\t\t<\/div>\n\t\t\t\t<div class=\"elementor-column elementor-col-33 elementor-inner-column elementor-element elementor-element-cc25f20 tm-bg-color-over-image\" data-id=\"cc25f20\" data-element_type=\"column\">\n\t\t\t<div class=\"elementor-widget-wrap\">\n\t\t\t\t\t\t\t<\/div>\n\t\t<\/div>\n\t\t\t\t<div class=\"elementor-column elementor-col-33 elementor-inner-column elementor-element elementor-element-9109558 tm-bg-color-over-image\" data-id=\"9109558\" data-element_type=\"column\">\n\t\t\t<div class=\"elementor-widget-wrap elementor-element-populated\">\n\t\t\t\t\t\t<div class=\"elementor-element elementor-element-e4babf7 elementor-widget elementor-widget-text-editor\" data-id=\"e4babf7\" data-element_type=\"widget\" data-widget_type=\"text-editor.default\">\n\t\t\t\t<div class=\"elementor-widget-container\">\n\t\t\t<style>\/*! elementor - v3.20.0 - 20-03-2024 *\/\n.elementor-widget-text-editor.elementor-drop-cap-view-stacked .elementor-drop-cap{background-color:#69727d;color:#fff}.elementor-widget-text-editor.elementor-drop-cap-view-framed .elementor-drop-cap{color:#69727d;border:3px solid;background-color:transparent}.elementor-widget-text-editor:not(.elementor-drop-cap-view-default) .elementor-drop-cap{margin-top:8px}.elementor-widget-text-editor:not(.elementor-drop-cap-view-default) .elementor-drop-cap-letter{width:1em;height:1em}.elementor-widget-text-editor .elementor-drop-cap{float:left;text-align:center;line-height:1;font-size:50px}.elementor-widget-text-editor .elementor-drop-cap-letter{display:inline-block}<\/style>\t\t\t\t<p>Ser m\u00e1s que una empresa, un aliado estrat\u00e9gico para nuestros clientes en tecnolog\u00eda.<\/p><p>Valores<\/p><p>Innovaci\u00f3n &#8211; Objetividad -Servicio -Trabajo duro -Confiabilidad<\/p>\t\t\t\t\t\t<\/div>\n\t\t\t\t<\/div>\n\t\t\t\t\t<\/div>\n\t\t<\/div>\n\t\t\t\t\t<\/div>\n\t\t<\/section>\n\t\t\t\t\t<\/div>\n\t\t<\/div>\n\t\t\t\t\t<\/div>\n\t\t<\/section>\n\t\t\t\t<section class=\"elementor-section elementor-top-section elementor-element elementor-element-5f128aa elementor-section-stretched elementor-section-boxed elementor-section-height-default elementor-section-height-default tm-col-stretched-none tm-bg-color-over-image\" data-id=\"5f128aa\" data-element_type=\"section\" data-settings=\"{&quot;stretch_section&quot;:&quot;section-stretched&quot;}\">\n\t\t\t\t\t\t<div class=\"elementor-container elementor-column-gap-extended\">\n\t\t\t\t\t<div class=\"elementor-column elementor-col-100 elementor-top-column elementor-element elementor-element-7b4651e tm-bg-color-over-image\" data-id=\"7b4651e\" data-element_type=\"column\">\n\t\t\t<div class=\"elementor-widget-wrap elementor-element-populated\">\n\t\t\t\t\t\t<div class=\"elementor-element elementor-element-5d2b88f elementor-widget elementor-widget-tm-ele-service-block\" data-id=\"5d2b88f\" data-element_type=\"widget\" data-widget_type=\"tm-ele-service-block.skin-style1\">\n\t\t\t\t<div class=\"elementor-widget-container\">\n\t\t\t\t<div class=\"tm-sc-service tm-service-grid\">\r\n\t\t<!-- Isotope Gallery Grid -->\r\n\t\t<div id=\"service-block-holder-166142\" class=\"isotope-layout grid-5 gutter-15 clearfix\">\r\n\t\t\t<div class=\"isotope-layout-inner\">\r\n\t\t\t\t<!-- the loop -->\r\n\t\t\t\t\t\t\t\t\t\t\t\t<div class=\"isotope-item service-item\">\r\n\t\t\t\t\t<!-- Service Block Style1-->\r\n<div class=\"service-block service-block-style1\">\r\n  <div class=\"inner-box\">\r\n    <div class=\"image-box\">\r\n      <div class=\"service-featured-img\">\r\n\t<img decoding=\"async\" src=\"https:\/\/ayctechnologies.com\/wp-content\/uploads\/2023\/08\/camaras_hyperespectral-550x550.jpg\" alt=\"Image\">\r\n<\/div>    <\/div>\r\n    <div class=\"content-box\">\r\n      <div class=\"service-icon\">\r\n\t<i aria-hidden=\"true\" class=\"fas fa-camera-retro\"><\/i><\/div>      \r\n\t\t<h6 class=\"service-title\">\r\n\t\t\t\t\tCamaras<br>Multiespectrales\t\t\t<\/h6>\r\n\t    <\/div>\r\n    <div class=\"hover-content\">\r\n      <div class=\"service-icon\">\r\n\t<i aria-hidden=\"true\" class=\"fas fa-camera-retro\"><\/i><\/div>      \r\n\t\t<h6 class=\"service-title\">\r\n\t\t\t\t\tCamaras<br>Multiespectrales\t\t\t<\/h6>\r\n\t      <div class=\"service-details\">Los sensores recopilan informaci\u00f3n de im\u00e1genes.<\/div>\r\n    <\/div>\r\n  <\/div>\r\n<\/div>\t\t\t\t<\/div>\r\n\t\t\t\t\t\t\t\t\t\t\t\t<div class=\"isotope-item service-item\">\r\n\t\t\t\t\t<!-- Service Block Style1-->\r\n<div class=\"service-block service-block-style1\">\r\n  <div class=\"inner-box\">\r\n    <div class=\"image-box\">\r\n      <div class=\"service-featured-img\">\r\n\t<img decoding=\"async\" src=\"https:\/\/ayctechnologies.com\/wp-content\/uploads\/2023\/08\/servicios_espectrometros-550x550.jpg\" alt=\"Image\">\r\n<\/div>    <\/div>\r\n    <div class=\"content-box\">\r\n      <div class=\"service-icon\">\r\n\t<i aria-hidden=\"true\" class=\"lnr lnr-icon-chart-bars\"><\/i><\/div>      \r\n\t\t<h5 class=\"service-title\">\r\n\t\t\t\t\tEspectrometros<br>RAMAN\t\t\t<\/h5>\r\n\t    <\/div>\r\n    <div class=\"hover-content\">\r\n      <div class=\"service-icon\">\r\n\t<i aria-hidden=\"true\" class=\"lnr lnr-icon-chart-bars\"><\/i><\/div>      \r\n\t\t<h5 class=\"service-title\">\r\n\t\t\t\t\tEspectrometros<br>RAMAN\t\t\t<\/h5>\r\n\t      <div class=\"service-details\">Mide las propiedades que tiene la luz.<\/div>\r\n    <\/div>\r\n  <\/div>\r\n<\/div>\t\t\t\t<\/div>\r\n\t\t\t\t\t\t\t\t\t\t\t\t<div class=\"isotope-item service-item\">\r\n\t\t\t\t\t<!-- Service Block Style1-->\r\n<div class=\"service-block service-block-style1\">\r\n  <div class=\"inner-box\">\r\n    <div class=\"image-box\">\r\n      <div class=\"service-featured-img\">\r\n\t<img decoding=\"async\" src=\"https:\/\/ayctechnologies.com\/wp-content\/uploads\/2023\/08\/plantas_electricas_servicios-550x550.jpg\" alt=\"Image\">\r\n<\/div>    <\/div>\r\n    <div class=\"content-box\">\r\n      <div class=\"service-icon\">\r\n\t<i aria-hidden=\"true\" class=\"fas fa-crutch\"><\/i><\/div>      \r\n\t\t<h5 class=\"service-title\">\r\n\t\t\t\t\tGeneradores<br>Electricas\t\t\t<\/h5>\r\n\t    <\/div>\r\n    <div class=\"hover-content\">\r\n      <div class=\"service-icon\">\r\n\t<i aria-hidden=\"true\" class=\"fas fa-crutch\"><\/i><\/div>      \r\n\t\t<h5 class=\"service-title\">\r\n\t\t\t\t\tGeneradores<br>Electricas\t\t\t<\/h5>\r\n\t      <div class=\"service-details\">Somos distribuidores de plantas el\u00e9ctricas.<\/div>\r\n    <\/div>\r\n  <\/div>\r\n<\/div>\t\t\t\t<\/div>\r\n\t\t\t\t\t\t\t\t\t\t\t\t<div class=\"isotope-item service-item\">\r\n\t\t\t\t\t<!-- Service Block Style1-->\r\n<div class=\"service-block service-block-style1\">\r\n  <div class=\"inner-box\">\r\n    <div class=\"image-box\">\r\n      <div class=\"service-featured-img\">\r\n\t<img decoding=\"async\" src=\"https:\/\/ayctechnologies.com\/wp-content\/uploads\/2023\/08\/servicios-550x550.jpg\" alt=\"Image\">\r\n<\/div>    <\/div>\r\n    <div class=\"content-box\">\r\n      <div class=\"service-icon\">\r\n\t<i aria-hidden=\"true\" class=\" flaticon-business-060-graph\"><\/i><\/div>      \r\n\t\t<h5 class=\"service-title\">\r\n\t\t\t\t\tFTNR<br>Port\u00e1tiles \t\t\t<\/h5>\r\n\t    <\/div>\r\n    <div class=\"hover-content\">\r\n      <div class=\"service-icon\">\r\n\t<i aria-hidden=\"true\" class=\" flaticon-business-060-graph\"><\/i><\/div>      \r\n\t\t<h5 class=\"service-title\">\r\n\t\t\t\t\tFTNR<br>Port\u00e1tiles \t\t\t<\/h5>\r\n\t      <div class=\"service-details\">Ofrece espectr\u00f3metros de fluorescencia.<\/div>\r\n    <\/div>\r\n  <\/div>\r\n<\/div>\t\t\t\t<\/div>\r\n\t\t\t\t\t\t\t\t\t\t\t\t<div class=\"isotope-item service-item\">\r\n\t\t\t\t\t<!-- Service Block Style1-->\r\n<div class=\"service-block service-block-style1\">\r\n  <div class=\"inner-box\">\r\n    <div class=\"image-box\">\r\n      <div class=\"service-featured-img\">\r\n\t<img decoding=\"async\" src=\"https:\/\/ayctechnologies.com\/wp-content\/uploads\/2023\/08\/adsorcion_atomica-550x550.jpg\" alt=\"Image\">\r\n<\/div>    <\/div>\r\n    <div class=\"content-box\">\r\n      <div class=\"service-icon\">\r\n\t<i aria-hidden=\"true\" class=\"fas fa-crutch\"><\/i><\/div>      \r\n\t\t<h5 class=\"service-title\">\r\n\t\t\t\t\tAdsorci\u00f3n<br>At\u00f3mica \t\t\t<\/h5>\r\n\t    <\/div>\r\n    <div class=\"hover-content\">\r\n      <div class=\"service-icon\">\r\n\t<i aria-hidden=\"true\" class=\"fas fa-crutch\"><\/i><\/div>      \r\n\t\t<h5 class=\"service-title\">\r\n\t\t\t\t\tAdsorci\u00f3n<br>At\u00f3mica \t\t\t<\/h5>\r\n\t      <div class=\"service-details\">Somos distribuidores drectos. <\/div>\r\n    <\/div>\r\n  <\/div>\r\n<\/div>\t\t\t\t<\/div>\r\n\t\t\t\t\t\t\t\t<!-- end of the loop -->\r\n\t\t\t<\/div>\r\n\t\t<\/div>\r\n\t\t\t<\/div>\r\n\r\n\t\t<\/div>\n\t\t\t\t<\/div>\n\t\t\t\t<div class=\"elementor-element elementor-element-dedc69f elementor-widget elementor-widget-tm-ele-floating-objects\" data-id=\"dedc69f\" data-element_type=\"widget\" data-widget_type=\"tm-ele-floating-objects.default\">\n\t\t\t\t<div class=\"elementor-widget-container\">\n\t\t\t\t\t<div class=\"tm-ele-floating-objects \">\r\n\t<span class=\"each-object elementor-repeater-item-b827324 tm-animation-floating \" style=\"background-image: url(https:\/\/ayctechnologies.com\/wp-content\/uploads\/2023\/07\/shape1.png); z-index: -5;\"><\/span>\t\t<\/div>\r\n\t\t\t<\/div>\n\t\t\t\t<\/div>\n\t\t\t\t\t<\/div>\n\t\t<\/div>\n\t\t\t\t\t<\/div>\n\t\t<\/section>\n\t\t\t\t<section class=\"elementor-section elementor-top-section elementor-element elementor-element-44285bd elementor-section-stretched elementor-section-boxed elementor-section-height-default elementor-section-height-default tm-col-stretched-none tm-bg-color-over-image\" data-id=\"44285bd\" data-element_type=\"section\" data-settings=\"{&quot;stretch_section&quot;:&quot;section-stretched&quot;}\">\n\t\t\t\t\t\t<div class=\"elementor-container elementor-column-gap-extended\">\n\t\t\t\t\t<div class=\"elementor-column elementor-col-100 elementor-top-column elementor-element elementor-element-61a5a8d tm-bg-color-over-image\" data-id=\"61a5a8d\" data-element_type=\"column\">\n\t\t\t<div class=\"elementor-widget-wrap\">\n\t\t\t\t\t\t\t<\/div>\n\t\t<\/div>\n\t\t\t\t\t<\/div>\n\t\t<\/section>\n\t\t\t\t<\/div>\n\t\t","protected":false},"excerpt":{"rendered":"<p>0+ Experiencia PARNERTS Los Mejores equipos para an\u00e1lisis de Campo y Laboratorio. Durante m\u00e1s de 8 a\u00f1os, A&amp;C Technologies Inc&#8230;.<\/p>\n","protected":false},"author":1,"featured_media":0,"parent":0,"menu_order":0,"comment_status":"closed","ping_status":"closed","template":"","meta":{"om_disable_all_campaigns":false,"_monsterinsights_skip_tracking":false,"_monsterinsights_sitenote_active":false,"_monsterinsights_sitenote_note":"","_monsterinsights_sitenote_category":0,"_uf_show_specific_survey":0,"_uf_disable_surveys":false,"footnotes":""},"class_list":["post-10784","page","type-page","status-publish","hentry"],"aioseo_notices":[],"_links":{"self":[{"href":"https:\/\/ayctechnologies.com\/index.php\/wp-json\/wp\/v2\/pages\/10784","targetHints":{"allow":["GET"]}}],"collection":[{"href":"https:\/\/ayctechnologies.com\/index.php\/wp-json\/wp\/v2\/pages"}],"about":[{"href":"https:\/\/ayctechnologies.com\/index.php\/wp-json\/wp\/v2\/types\/page"}],"author":[{"embeddable":true,"href":"https:\/\/ayctechnologies.com\/index.php\/wp-json\/wp\/v2\/users\/1"}],"replies":[{"embeddable":true,"href":"https:\/\/ayctechnologies.com\/index.php\/wp-json\/wp\/v2\/comments?post=10784"}],"version-history":[{"count":18,"href":"https:\/\/ayctechnologies.com\/index.php\/wp-json\/wp\/v2\/pages\/10784\/revisions"}],"predecessor-version":[{"id":72885,"href":"https:\/\/ayctechnologies.com\/index.php\/wp-json\/wp\/v2\/pages\/10784\/revisions\/72885"}],"wp:attachment":[{"href":"https:\/\/ayctechnologies.com\/index.php\/wp-json\/wp\/v2\/media?parent=10784"}],"curies":[{"name":"wp","href":"https:\/\/api.w.org\/{rel}","templated":true}]}}